he ten thousands digit of 190608?
9
What is the ten thousands digit of 3718373?
1
What is the hundred thousands digit of 190459?
1
What is the hundred thousands digit of 11576305?
5
What is the ten millions digit of 17492020?
1
What is the tens digit of 11959638?
3
What is the tens digit of 3051566?
6
What is the hundred thousands digit of 11155524?
1
What is the hundreds digit of 131148?
1
What is the tens digit of 1010953?
5
What is the hundreds digit of 101213?
2
What is the tens digit of 246599?
9
What is the hundreds digit of 14075486?
4
What is the tens digit of 26949227?
2
What is the tens digit of 1960951?
5
What is the ten thousands digit of 26395740?
9
What is the tens digit of 4002212?
1
What is the tens digit of 2083616?
1
What is the hundreds digit of 2942667?
6
What is the millions digit of 20852794?
0
What is the thousands digit of 49796?
9
What is the millions digit of 6463658?
6
What is the thousands digit of 79089?
9
What is the ten thousands digit of 349380?
4
What is the ten thousands digit of 348641?
4
What is the hundred thousands digit of 178994?
1
What is the units digit of 320092?
2
What is the ten thousands digit of 7534392?
3
What is the tens digit of 231373?
7
What is the thousands digit of 649758?
9
What is the thousands digit of 839896?
9
What is the hundred thousands digit of 955793?
9
What is the tens digit of 33605?
0
What is the thousands digit of 4449605?
9
What is the ten thousands digit of 17431550?
3
What is the ten thousands digit of 822299?
2
What is the tens digit of 26850040?
4
What is the hundred thousands digit of 103217?
1
What is the thousands digit of 1941475?
1
What is the hundreds digit of 428639?
6
What is the hundreds digit of 89674?
6
What is the hundred thousands digit of 9078096?
0
What is the tens digit of 1586564?
6
What is the units digit of 617625?
5
What is the hundred thousands digit of 117471?
1
What is the thousands digit of 409771?
9
What is the units digit of 8162781?
1
What is the tens digit of 1390831?
3
What is the thousands digit of 37832?
7
What is the hundreds digit of 18934816?
8
What is the hundred thousands digit of 11726293?
7
What is the thousands digit of 1097721?
7
What is the hundred thousands digit of 174529?
1
What is the hundreds digit of 4255978?
9
What is the units digit of 1858477?
7
What is the ten thousands digit of 1220316?
2
What is the tens digit of 500456?
5
What is the hundred thousands digit of 111335?
1
What is the units digit of 412729?
9
What is the hundred thousands digit of 1730274?
7
What is the hundreds digit of 2592724?
7
What is the tens digit of 337248?
4
What is the hundred thousands digit of 21052788?
0
What is the units digit of 414289?
9
What is the tens digit of 15599958?
5
What is the thousands digit of 4784388?
4
What is the hundred thousands digit of 126337?
1
What is the units digit of 1278378?
8
What is the tens digit of 771321?
2
What is the hundred thousands digit of 2436292?
4
What is the hundreds digit of 11450183?
1
What is the hundreds digit of 1974291?
2
What is the tens digit of 4022681?
8
What is the tens digit of 176061?
6
What is the hundreds digit of 17280152?
1
What is the hundreds digit of 34999231?
2
What is the tens digit of 1367204?
0
What is the ten thousands digit of 163606?
6
What is the hundred thousands digit of 3403894?
4
What is the hundreds digit of 56754?
7
What is the hundreds digit of 12890161?
1
What is the tens digit of 7098624?
2
What is the hundred thousands digit of 244282?
2
What is the hundreds digit of 1123981?
9
What is the tens digit of 205573?
7
What is the millions digit of 8671890?
8
What is the tens digit of 454805?
0
What is the hundred thousands digit of 7711508?
7
What is the hundreds digit of 15217?
2
What is the thousands digit of 15806609?
6
What is the hundred thousands digit of 13520363?
5
What is the tens digit of 236142?
4
What is the units digit of 452331?
1
What is the units digit of 154?
4
What is the millions digit of 9430831?
9
What is the tens digit of 404751?
5
What is the hundred thousands digit of 916907?
9
What is the hundreds digit of 1244343?
3
What is the hundreds digit of 10597992?
9
What is the thousands digit of 3118743?
8
What is the units digit of 15126851?
1
What is the ten thousands digit of 248566?
4
What is the hundreds digit of 1039299?
2
What is the units digit of 6546068?
8
What is the hundred thousands digit of 313327?
3
What is the units digit of 426919?
9
What is the thousands digit of 1521370?
1
What is the hundred thousands digit of 9523196?
5
What is the units digit of 221952?
2
What is the ten thousands digit of 957900?
5
What is the ten thousands digit of 193607?
9
What is the hundred thousands digit of 4972440?
9
What is the tens digit of 25815939?
3
What is the units digit of 186184?
4
What is the hundreds digit of 6121528?
5
What is the hundred thousands digit of 886669?
8
What is the tens digit of 26123?
2
What is the units digit of 3948598?
8
What is the tens digit of 701483?
8
What is the units digit of 96494?
4
What is the hundred thousands digit of 117829?
1
What is the units digit of 4694308?
8
What is the tens digit of 206308?
0
What is the hundreds digit of 5348798?
7
What is the hundreds digit of 258913?
9
What is the tens digit of 398740?
4
What is the tens digit of 1913029?
2
What is the hundreds digit of 103297?
2
What is the hundreds digit of 1242016?
0
What is the ten thousands digit of 39458096?
5
What is the thousands digit of 8719958?
9
What is the tens digit of 2606286?
8
What is the hundreds digit of 756716?
7
What is the ten thousands digit of 60019?
6
What is the tens digit of 99135?
3
What is the units digit of 233969?
9
What is the units digit of 43106?
6
What is the millions digit of 7567297?
7
What is the ten thousands digit of 3212979?
1
What is the hundreds digit of 4585940?
9
What is the ten thousands digit of 960766?
6
What is the millions digit of 2688709?
2
What is the tens digit of 719315?
1
What is the tens digit of 3137721?
2
What is the millions digit of 1102355?
1
What is the hundreds digit of 59396?
3
What is the tens digit of 1010243?
4
What is the millions digit of 1055391?
1
What is the ten millions digit of 12895784?
1
What is the hundred thousands digit of 8473214?
4
What is the tens digit of 99652?
5
What is the hundreds digit of 2735941?
9
What is the units digit of 196004?
4
What is the hundred thousands digit of 1258149?
2
What is the units digit of 801407?
7
What is the units digit of 2445085?
5
What is the thousands digit of 15333?
5
What is the ten millions digit of 11091126?
1
What is the millions digit of 17771391?
7
What is the ten thousands digit of 381260?
8
What is the ten thousands digit of 82043?
8
What is the ten thousands digit of 253166?
5
What is the units digit of 995415?
5
What is the tens digit of 245792?
9
What is the hundred thousands digit of 1694267?
6
What is the thousands digit of 820532?
0
What is the units digit of 7243201?
1
What is the hundreds digit of 17343541?
5
What is the hundreds digit of 263767?
7
What is the ten thousands digit of 1462427?
6
What is the tens digit of 2135276?
7
What is the ten thousands digit of 91948?
9
What is the units digit of 222716?
6
What is the ten thousands digit of 129739?
2
What is the hundreds digit of 336795?
7
What is the thousands digit of 27393?
7
What is the hundreds digit of 1012928?
9
What is the thousands digit of 286496?
6
What is the hundreds digit of 55512?
5
What is the units digit of 383426?
6
What is the ten thousands digit of 407926?
0
What is the hundred thousands digit of 156319?
1
What is the units digit of 279564?
4
What is the hundred thousands digit of 10293991?
2
What is the thousands digit of 1286347?
6
What is the ten millions digit of 25396147?
2
What is the units digit of 594276?
6
What is the hundreds digit of 2017421?
4
What is the tens digit of 2027195?
9
What is the millions digit of 3644104?
3
What is the hundreds digit of 1431838?
8
What is the hundred thousands digit of 492163?
4
What is the ten thousands digit of 16978325?
7
What is the units digit of 597739?
9
What is the thousands digit of 745866?
5
What is the thousands digit of 356873?
6
What is the hundred thousands digit of 2476887?
4
What is t